(3/(-8)). Let a(t) = -10*t - 6. What are the prime factors of a(q)?
2, 17
Suppose b = -0*b + 4*i + 15, -5*i = -b + 13. What are the prime factors of b?
23
Let d be 30/(-9)*(-4 + 1). Let i = d - -26. Let n = i - 24. What are the prime factors of n?
2, 3
Suppose 3*p + p - 4 = -4*m, 2*m = 2*p - 14. Suppose p*q - 4*h - 44 = 0, 2*q = -2*h - 0 + 2. Suppose 7 + q = l + 3*j, 1 = -j. What are the prime factors of l?
2
Let a be ((-20)/(-2))/(0 + 2). Let k be (7/a)/((-4)/(-20)). Suppose -3*d - 5*y + 24 = 0, k = -5*y + 22. What are the prime factors of d?
3
Let z = -6 + 22. What are the prime factors of z?
2
Suppose 7*v - 137 = -4*k + 2*v, -15 = 5*v. Suppose -r = -3*g - k, 5*g = 3*r + g - 104. What are the prime factors of r?
2
Let f be ((-1 + 2)*4)/2. Let z = 0 + f. Suppose -z*o - 3*o + 25 = 0. What are the prime factors of o?
5
Suppose -2*v + 0*r + 3*r = -8, 3*v - 5*r = 14. What are the prime factors of (-2 - -8)*(-7)/v?
3, 7
Suppose -2*v = -p + 42, -3*p = -3*v - 21 - 90. What are the prime factors of p?
2
Let f(t) = -t**2 + t + 2. Let b = -3 + 6. Suppose -2*m = 3*x + 9, -b*x + 5 = -m + 14. What are the prime factors of f(m)?
2
Let u = 375 + -239. Suppose u = 5*a - 84. What are the prime factors of a?
2, 11
Let u(t) = t**2 - 8*t + 7. Let p be u(8). Suppose 3 = 2*v - p. Suppose -48 = s - v*s. List the prime factors of s.
2, 3
What are the prime factors of -5 - -31 - (4 - 1)?
23
Let u = 343 - 157. List the prime factors of u.
2, 3, 31
Let x(l) = l**3 - 2*l**2 - 3*l + 2. Let c be x(2). What are the prime factors of 50 + (2 - 2) - c?
2, 3
Suppose -12 = -2*h - 2*h. Suppose a - q = -6*q - 10, -4*a + 45 = 3*q. Suppose -h*p = -a - 9. List the prime factors of p.
2
Suppose 42 - 2 = 5*n. Let d = n - -17. List the prime factors of d.
5
Let b(s) = -s**3 - 9*s**2 + 9*s - 3. Suppose 0*c = 5*r + 5*c - 135, r - 5*c + 3 = 0. Let a = r + -32. What are the prime factors of b(a)?
7
Let n(j) = 4*j**2 - 4*j + j + j - 3*j**2. What are the prime factors of n(7)?
5, 7
Let w(a) = a + 4. Let o be w(-4). Suppose -6*k - 80 = -11*k. Suppose o = 2*p - 14 - k. What are the prime factors of p?
3, 5
Let l(r) = -9*r - 1. Let j be l(-2). Suppose 0 = -7*z + 5*z + 14. Let s = j - z. List the prime factors of s.
2, 5
Let n(f) = -f**3 - f**2 + 2*f + 2. Let w be n(-4). Suppose 4*s = 12, -5*y + y + 8 = -4*s. Suppose m + w = y*j, 22 = 4*j - j + m. List the prime factors of j.
2
Let t(l) = l**3 + l**2 - 5*l + 5. List the prime factors of t(2).
7
Let g = 151 + -107. Suppose -51 = -5*r + g. List the prime factors of r.
19
Let g(a) = -a**3 + 5*a**2 + 7*a + 7. Let s be g(6). List the prime factors of (-3366)/(-78) + (-2)/s.
43
What are the prime factors of 304/3 - 12/18*2?
2, 5
Suppose 5 = -5*a + 25. Suppose -139 - 70 = -5*f + a*c, -4*f - 2*c + 188 = 0. What are the prime factors of f?
3, 5
Let n = 224 - -19. What are the prime factors of n?
3
Let y be (-30)/(-8) + 8/32. Let o(d) = -d**2 + 3*d + 1. Let a be o(y). What are the prime factors of ((-2)/4)/(a/54)?
3
Suppose 2*p - 25 - 133 = -4*q, 2*q - 3*p = 67. What are the prime factors of q?
2, 19
Suppose 0 = 5*a - 10, 0*a + 3*a = 2*c - 42. What are the prime factors of (-4)/(-20) + c/5?
5
Suppose 0 = -5*c + 147 + 403. List the prime factors of c.
2, 5, 11
Let y be -4*(9/3)/(-3). Suppose 0 = -2*z + 6 - 2. Suppose -28 = -y*d + 4*q, -2*d + z = -q - 17. What are the prime factors of d?
2, 3
Suppose 0 = -p + 4*p + 45. Let k = p - -33. Let v = 26 - k. List the prime factors of v.
2
Suppose 2*o = -2*o + 4. Let i = 11 - o. List the prime factors of i.
2, 5
Let d = 2 + 3. Suppose -x - x - d*h = 42, 62 = -4*x + h. Let m = x + 31. List the prime factors of m.
3, 5
Let j(a) = 2*a - 11. Let w be j(8). Suppose -w*c + 21 = 3*l, -2 = -3*l + 5*c - 11. List the prime factors of l.
2
Suppose -5*i = -5*t - 1595, -i + 0*i = 3*t - 339. List the prime factors of i.
2, 3
Let u(f) = f**3 + 3*f**2 - 4*f - 4. Let m(z) = -5*z + 3*z - z**2 - 3 + 3*z. Let v be m(0). List the prime factors of u(v).
2
Let g = 5 - 2. Let x(l) = 4*l**3 - 4*l**2 - l - 3. Let m(p) = p**3 - p**2 - 1. Let c(i) = -3*m(i) + x(i). What are the prime factors of c(g)?
3, 5
Let g be (-5 - 1)*(-40)/12. Suppose -m + 50 = 3*m - 2*x, 0 = m + x - g. List the prime factors of m.
3, 5
Suppose -6 = 5*t - 16. Suppose 0 = -v + 5*v + 3*o - 80, 0 = -t*v + 2*o + 26. List the prime factors of v.
17
Let t(q) be the third derivative of q**5/60 - q**4/24 - 2*q**2. Let n be t(-8). Suppose 4*k = -24 + n. What are the prime factors of k?
2, 3
Let v = -14 - -76. What are the prime factors of v?
2, 31
Let j(s) = -3*s - 5. Let f be j(-4). Let z be (f*-1 - 0)*-1. List the prime factors of 1/(-1 + 8/z).
7
Suppose -g = -2*z - 23, -10*g = -11*g + 4*z + 13. What are the prime factors of g?
3, 11
Suppose 9 = 3*m + 4*f, -3*m - 1 = 5*f - 10. Suppose -7*g + m*g = 108. Let d = g - -44. List the prime factors of d.
17
Let l(z) = z**2 + 13*z - 10. Let y be l(9). List the prime factors of y/36 - 6/27.
5
Suppose 5 = -2*w + 1, -282 = -4*f + 5*w. List the prime factors of f.
2, 17
Let s(b) = 2*b**2 - 2*b - 7. What are the prime factors of s(-5)?
53
What are the prime factors of -7 - -9 - 474/(-3)?
2, 5
Suppose 0 = -2*t + 5*t - 36. List the prime factors of (-18)/t + (-30)/(-4).
2, 3
Let g(m) = 2*m**2 - 4*m - 21. List the prime factors of g(13).
5, 53
Let q = -25 + 37. List the prime factors of q.
2, 3
Let g be (10/(-6))/((-4)/36). What are the prime factors of (-4)/10 - (-246)/g?
2
Suppose 2*d = -d + 9. Suppose m - 20 = -d*m, -4*m = 4*s - 40. Suppose -24 - 36 = -s*i. What are the prime factors of i?
2, 3
Let l(a) = 2*a**2 + 7*a + 2. Let w be l(-5). Suppose -k + 2*t + w = 0, -57 = -5*k + 3*t - 7*t. List the prime factors of k.
13
Suppose 5*i = 4*i + 15. Let h = -101 + 109. Let q = i - h. List the prime factors of q.
7
Let a = 18 - 13. Suppose 0 = l - a*k - 10, 3*l + l = -5*k + 165. What are the prime factors of l?
5, 7
Let r(w) = 6*w - 3. Let i(l) = -5*l + 2. Let b(j) = -7*i(j) - 6*r(j). Let g be b(7). List the prime factors of (24/10)/(g/(-10)).
2
Let w(v) = -6*v**2 - 5*v + 2. Suppose -33 = -5*m - 8. Let y(x) = -11*x**2 - 9*x + 4. Let n(h) = m*w(h) - 3*y(h). List the prime factors of n(2).
2, 7
Let a = -7 + 10. Suppose -3 = -o + 3*t, 4 + 25 = a*o - 5*t. List the prime factors of o.
2, 3
Let u(d) = 6*d**2 - 3*d + 1. Let z = -2 - 0. What are the prime factors of u(z)?
31
Suppose 20 = 2*n + 2*n. Suppose -3*b + 195 = -n*g, 0 = 5*b - 3*g - 350 + 9. Suppose 4*x = -x + b. List the prime factors of x.
2, 7
Let y(x) = 12*x**3 + 8*x**2 + x + 6. Let t(u) = -12*u**3 - 9*u**2 - u - 7. Let g(r) = -6*t(r) - 7*y(r). List the prime factors of g(-1).
11
Let z = -72 + 221. What are the prime factors of z?
149
Suppose -v - 2*v = 0. What are the prime factors of v + (-1 + 2 - -3)?
2
Let o(y) = -y**3 - 4*y**2 + 6. Let r be 3 + -2 + 1 + -7. What are the prime factors of o(r)?
31
Suppose h + 38 = 2*h. What are the prime factors of h?
2, 19
Let w(k) = 42*k**2 - k - 2. List the prime factors of w(-1).
41
Let u(g) = g**3 + 11*g**2 - 5*g - 7. Let m be u(-11). Suppose 28 = 4*l - m. What are the prime factors of l?
19
Let h be 2/(-6) - (-6)/18. Let f(i) = i**3 - i**2 - i + 13. List the prime factors of f(h).
13
Let s(k) = k**2 - k. Suppose 6*y + 16 = 10*y. What are the prime factors of s(y)?
2, 3
Let l(j) = 2*j - 1. Let d be l(2). Suppose 2*b + b = -d. List the prime factors of (3 + b + -1)*4.
2
Let t(f) = f**2 - 4*f + 4. Let r be t(5). Let g(z) = -z**2 + 6*z - 5. Let y be g(6). Let u = r + y. What are the prime factors of u?
2
Let m be (-9)/(-2) - (-1)/(-2). Suppose m*i - 3*i - 119 = -5*q, -2*q - 4*i = -62. What are the prime factors of q?
23
Let z(o) = 33*o - 17. List the prime factors of z(5).
2, 37
Suppose 0 = -4*z + 56 + 8. Suppose -122 = -3*a + z. List the prime factors of a.
2, 23
Let u(s) = -s + 11. Let z be u(9). List the prime factors of ((-24)/10)/(z/(-5)).
2, 3
List the prime factors of (10/15)/(1/78).
2, 13
Suppose -1 + 16 = 5*t. Suppose u - t = 22. List the prime factors of u.
5
Let w be (-90)/(-8) - (-3)/(-12). Suppose z - w = 4*x - 92, 0 = -5*x + 3*z + 103. Let v = -10 + x. List the prime factors of v.
2, 5
List the prime factors of (-2 + 408)/(-4 - -6).
7, 29
Let o(n) = -n**3 - 6*n**2 - 6*n - 3. Let w be o(-4). Let q = -8 - w. List the prime factors of q.
3